 t = 26 - 18. Calculate the remainder when (728/70)/((-234)/65 + 4/1) is divided by t.
2
Suppose -29 + 141 = 4*p. What is the remainder when 108 is divided by p?
24
Suppose 77 = -84*i + 85*i. What is the remainder when i is divided by 29?
19
Suppose -18*r = -11*r - 1379. Calculate the remainder when r is divided by 41.
33
What is the remainder when 31 is divided by -10 - (-45)/9 - -11?
1
Let g = -247 - -276. What is the remainder when g is divided by 3*(-2)/(1 - 2)?
5
Suppose 9 = 4*x - 7*x - 3*m, -15 = 5*x - 5*m. Calculate the remainder when (-4 - -3)*-12 - x is divided by 4.
3
Let p(t) = -13*t - 3. Let a(r) = -r**3 + 12*r**2 + 14*r - 14. Let c be a(13). Calculate the remainder when p(c) is divided by 7.
3
Suppose -a + 2*g = 4*a - 108, 0 = g - 1. What is the remainder when 33 is divided by a?
11
Let j = 26 - 14. Suppose -k - k = -j. Calculate the remainder when 35 is divided by k.
5
Suppose 20 = 3*m + m - 4*u, -23 = -m - 5*u. Suppose 0 = 3*t + 2*l - 32, 4*t = -3*l + 2*l + 41. Suppose c = 40 - t. What is the remainder when c is divided by m?
6
Let z(x) = 25*x + 705. What is the remainder when 56 is divided by z(-28)?
1
Suppose 45 = 2*r - c, 5*c - 3*c = -5*r + 99. Suppose 0 = 3*s - 2*u + 4*u - 20, 0 = 3*s - 3*u - 15. Calculate the remainder when r is divided by s.
3
Suppose -5*t + m + 6 = 0, 3*m - 15 - 7 = -5*t. Suppose 4*s + t = 58. What is the remainder when 110 is divided by s?
12
Suppose y - 1 = h + 14, -4*y - h = -50. Calculate the remainder when y is divided by 13.
0
Suppose 4*v + 8 = -3*g - 0*v, -3*v - 15 = 0. Suppose -y + g*y = 15. Calculate the remainder when y is divided by 3.
2
Let v(r) = 11*r**2 - 4*r + 3. Let z = 7 + -5. Let s be v(z). Let n = s + -21. Calculate the remainder when 70 is divided by n.
16
Suppose -5*o - 16 = -126. What is the remainder when o is divided by 5?
2
Suppose 535 = 5*w - 3*f, -3*w = -4*f + 9 - 330. Calculate the remainder when w is divided by 22.
19
Let i be (596 - (-5 - -1))*(-6)/(-8). Suppose 2*r - i = -3*r. Calculate the remainder when r is divided by 31.
28
Suppose w = -3*c + 36 - 7, 0 = -5*w + 4*c + 183. Suppose -4*a + 7*k - 2*k = -1, 5*a + 5*k = w. Calculate the remainder when 2/(((-32)/(-36))/a) is divided by 4.
1
Suppose 122 - 74 = -c. Calculate the remainder when 36/c + 62/8 is divided by 2.
1
Suppose 4*k - 100 = -4*l, k - 3*l = -5*l + 30. What is the remainder when k is divided by ((-4)/3)/2 - 1026/(-81)?
8
Suppose 12*n + 4960 = 28*n. What is the remainder when n is divided by 12?
10
Let b = 48 - 12. Suppose 11*q = 15*q - b. What is the remainder when q is divided by 6?
3
Let j(r) = -r**3 - 4*r**2 + 4*r - 2. Let l be j(-5). Suppose -8*z + 80 = -l*z. What is the remainder when 93 is divided by z?
13
Suppose 0 = 534*h - 537*h - 96. Suppose -2*o = 64 - 186. Let u = h + o. What is the remainder when 84 is divided by u?
26
Suppose 2*j + 4*g = 42, 4*g + 3 = -1. Let z be (-4)/14 - 8688*3/14. What is the remainder when 3/9 - z/21 is divided by j?
20
Let k = -25 + 46. Let s = -5 + k. Let v = 98 + -67. What is the remainder when v is divided by s?
15
Let j = 1542 - 1383. Calculate the remainder when j is divided by 50.
9
Calculate the remainder when (1 - (-898)/(-4))/(15/(-10)) is divided by 8.
5
Suppose 2*y + h - 143 = 0, 3*y = 3*h + h + 209. Let z(n) = -5*n**2 + n. Let k be z(1). Calculate the remainder when y is divided by (k/5)/((-2)/60).
23
Suppose -g = -4*h - 4*g - 11, 5*h + 14 = -4*g. What is the remainder when 116 - 0/((-4)/h) is divided by 24?
20
Suppose -96 = -5*h - 1. Suppose 11 - 157 = -3*g - 2*n, 0 = -4*n - 20. What is the remainder when g is divided by h?
14
Let g be (-4 + 2)*(-27)/2. Suppose -13*i - 222 - 12 = 0. Let f = g + i. What is the remainder when 34 is divided by f?
7
Let k = 13 + 47. Suppose -92 = -2*x + p, k = x + 2*p + 4. Calculate the remainder when x is divided by 18.
12
Let y(s) = -s**2 + 8*s + 5. Let i be y(7). Suppose 7*m - 4*m = i. Calculate the remainder when 30 is divided by m.
2
Let s(y) = y + 4. Let q be s(0). Let d(i) be the first derivative of i**2/2 - i + 2. What is the remainder when d(q) is divided by 3?
0
Suppose -41*a + 546 - 95 = 0. Suppose -4*h + 0*h + 212 = 0. What is the remainder when h is divided by a?
9
Suppose -7*w - 10 = -12*w. Suppose 3*r = w*r + 119. Calculate the remainder when r is divided by 30.
29
Let r(x) = 12 + 5 - 3 + x + 0. Let c = 41 + -34. Calculate the remainder when r(11) is divided by c.
4
Calculate the remainder when 17/(68/1288) - -4 is divided by 53.
8
Let x(p) = p**3 - 7*p**2 - 5*p - 5. Let w(v) = -v**2 + 2*v + 2. Let j be w(-2). What is the remainder when (-4)/j + (-106)/(-3) is divided by x(8)?
17
Suppose -156 = -8*v + 204. Calculate the remainder when 135 is divided by v.
0
Let u(r) = -r**3 + 11*r**2 + 7*r + 22. What is the remainder when u(11) is divided by 4?
3
Let k be (((-8)/(-2))/(-4))/1. Let m(q) = 81*q**2 - 3*q - 1. What is the remainder when m(k) is divided by 21?
20
Let y = -636 - -756. What is the remainder when 333 is divided by y?
93
Let t = 1913 + -1891. Calculate the remainder when 182/3 + (-2)/(-6) is divided by t.
17
Suppose -222 = -0*b + 6*b. Let x = 54 + b. What is the remainder when x is divided by 10?
7
Suppose -121*z = -127*z + 2400. What is the remainder when z is divided by 15?
10
What is the remainder when 112 is divided by (-4)/(-28) + (6 - (-726)/14)?
54
Suppose -d - 5*i = 7 - 1, -d + 10 = i. Calculate the remainder when 35 is divided by d.
7
Suppose 4*m - 98 = 2*c, 102 = 4*m + 4*c - 2. Calculate the remainder when m is divided by (1 - -2) + 12 + -2.
12
Let g(k) = k + 19. Let a be g(-11). Suppose a*d = -14 + 70. What is the remainder when 17 is divided by d?
3
Let y(h) = 9*h - 250. Calculate the remainder when 11 is divided by y(28).
1
Suppose 2*b - 4*b - 25 = -5*q, -4*q + 20 = 3*b. Suppose -4*a + 75 = -o, 0 = 5*a - o - b*o - 95. Calculate the remainder when a is divided by 4.
0
Suppose m - 14 = -9. Suppose 0 = 3*u - m - 7. Suppose -u*r - 34 + 94 = -4*k, 0 = r + 5*k - 15. Calculate the remainder when 59 is divided by r.
14
Suppose -37*m + 305 = -694. Suppose 0*r + r = 80. Calculate the remainder when r is divided by m.
26
Let m = 1056 - 923. What is the remainder when m is divided by 123?
10
Suppose -6*f - 162 + 12 = 0. Let y = 36 + f. Suppose -65 = 6*t - y*t. Calculate the remainder when 22 is divided by t.
9
Let d be 6 - (-3 + (2 - -4)). Suppose 0 = -d*h + 3*y + 24, -4 = -0*h - 2*h - 4*y. Calculate the remainder when 47 is divided by (-24)/(-10)*(h + -1).
11
Let c(h) be the second derivative of -h**3/6 - 5*h**2/2 - h. Let a be c(7). What is the remainder when 48 is divided by -39*(-4 + (-44)/a)?
9
Suppose 5*k = -0*x + 3*x + 55, 2*x = -k + 24. Let f(l) be the first derivative of 9*l**2 - l + 4. Calculate the remainder when f(3) is divided by k.
11
Suppose -137*h - 95 = -142*h. Calculate the remainder when 47 is divided by h.
9
Let a = -1302 - -1992. Calculate the remainder when a is divided by 116.
110
Suppose 54 = 8*o - 5*o. Suppose -4 = -y + 30. Calculate the remainder when y is divided by (-130)/(-11) - o/(-99).
10
Suppose 8 = d + 5. Let f(n) = 3*n - 4. Let a be f(d). Suppose -a*q = 46 - 311. What is the remainder when q is divided by 11?
9
Let i(s) be the second derivative of s**5/20 - 2*s**4/3 - 7*s**3/6 - 5*s**2 - 5*s. Let v be i(9). Calculate the remainder when 52 is divided by 1 + 17 - 0/v.
16
Calculate the remainder when 727 is divided by (-3*27/6)/(5/(-10)).
25
Let i(p) = 23*p**2 + 2*p + 3. Let h = 8 + -9. What is the remainder when 69 is divided by i(h)?
21
Let i be (-2)/(-8) - -22*7/56. Suppose 10*z = i + 27. Let r = 1 - 0. Calculate the remainder when z is divided by r.
0
Let u = -152 - -162. Calculate the remainder when 67 is divided by u.
7
Let p(y) = -4*y - 26. Let k be p(-6). Calculate the remainder when 9 is divided by (-1)/(5 - 2 - (-7)/k).
1
Let t = 1190 - 1129. Calculate the remainder when 186 is divided by t.
3
Suppose 0 = 3*h, 3*p + 2*p + 4*h = 0. Suppose 17 + p = t - m, -m + 55 = 3*t. Calculate the remainder when 35 is divided by t.
17
Suppose 0*k = -5*k - 2600. What is the remainder when k/(-6) + (-2)/(-6) is divided by 23?
18
Suppose 3*w + 4*h - 205 = 0, -3*w - 14*h + 13*h + 202 = 0. Suppose 0 = -5*d + w + 23. Calculate the remainder when 68 is divided by d.
14
Let t(k) = 2*k + 